e ((-5)/(-15))/((-1)/(-90)). Calculate the greatest common divisor of o and 15.
15
Let w(v) = 3*v**2 + 2*v - 2. Let y be w(-3). What is the highest common divisor of y and 57?
19
Suppose 0 = -21*t + 16383 - 6177. What is the greatest common factor of t and 54?
54
Let z = 5 - 2. Suppose -48 + 0 = -z*c. Suppose -3*m - 717 = -5*p, -2*p = -m + 6*m - 293. Calculate the highest common divisor of p and c.
16
Suppose 0 = -3*k + 6*k - 27. Suppose -2 = -0*i + i, 2*x - 8 = i. Suppose 80 = x*g - 28. What is the greatest common divisor of g and k?
9
Let x(v) = -10*v - 10. Let w be x(-9). Calculate the highest common divisor of 32 and w.
16
Let g = -3 + 4. Let t be 6 + g + -1 + 2. Let p be (4/1)/(2 - 1). What is the highest common factor of p and t?
4
Let x(s) be the second derivative of -34*s**3/3 - s**2/2 + 2*s. Let p be x(-2). What is the highest common factor of 27 and p?
27
Let s be ((-4)/3)/(4/(-42)). Suppose -l - 3*v + 47 = 7, 0 = -5*v + 20. What is the highest common factor of s and l?
14
Suppose 0 = -13*h + 16*h - 30. Calculate the highest common divisor of h and 10.
10
Let n = 6 + -1. Suppose 0 = n*h - h - 200. Let y = h + -20. What is the greatest common factor of 12 and y?
6
Let l = -1 + 6. Suppose -l*f + 70 = -0*f. Calculate the highest common divisor of 28 and f.
14
Suppose -12*z + 17*z = 15. Calculate the highest common divisor of 3 and z.
3
Suppose 2*d - 40 = -2*d. What is the highest common divisor of d and 110?
10
Let l be (-5)/2*(-64)/10. Calculate the highest common factor of l and 12.
4
Suppose -3*c = -5*y - 89, c - 4*y = -9*y + 43. Calculate the highest common factor of c and 22.
11
Let b be -5 + (-3 - -7)*(-28)/(-8). Suppose -5*z + 55 = p + 12, p = -2. Let f be z/(-2)*9*-2. Calculate the greatest common divisor of f and b.
9
Let s(p) = -p**2 - 6*p - 1. Suppose -2*o = n + 9, 4*n - n - 3*o = 0. Let g be s(n). Calculate the highest common divisor of 40 and g.
8
Let d = 9 + 15. Suppose -3*u = -221 - 355. What is the highest common factor of u and d?
24
Let u = -11 - -19. Let o(f) = 15*f - 1. Let v be o(u). Suppose 2*g - 42 = -8. What is the highest common divisor of v and g?
17
Suppose 5 = 3*p - 49. Suppose 5*h = -4*x + x + 16, -5*x - 4*h + p = 0. Suppose -1 = -c + 2. What is the highest common divisor of x and c?
1
Let w(s) = -3*s + 2. Let a be 85/(-15) + 4/6. Let n be w(a). Let i be 4/2 + -1 + 67. Calculate the greatest common divisor of i and n.
17
Let a = -38 - -19. Let h = -6 - a. Calculate the greatest common factor of 13 and h.
13
Suppose -5*q = -f + 5, 4*q - 25 = 4*f - 9*f. Suppose 3*i = i + 3*k + 11, -5*i + 35 = -f*k. What is the greatest common factor of 50 and i?
10
Suppose h - 67 = -c - c, -3 = 3*h. Calculate the highest common divisor of c and 85.
17
Let p be (-4)/(12/(-63)) + 8 + -4. Calculate the greatest common divisor of p and 25.
25
Let y(w) = -w**2 - w + 6. Let m be y(0). What is the greatest common divisor of 54 and m?
6
Let s(c) be the third derivative of c**4/8 + 2*c**3/3 + 6*c**2. Let u be s(4). Calculate the greatest common factor of 160 and u.
16
Let y be -1 + (-4 + 2 + 2 - -88). Suppose 5*s - 252 = -4*l, -2*s + s + 178 = 3*l. What is the greatest common divisor of y and l?
29
Let d be 1*6*1/2. Let v = 11 - 8. Suppose -j = v*i - 21, 4*j - 3*i = -0*i + 39. What is the greatest common factor of j and d?
3
Let j(m) = -m**2 + 3*m + 7. Let a be j(5). Let d be (-4 - a)*30/(-2). Calculate the greatest common divisor of 3 and d.
3
Suppose l = 2*z + 3, 3*l - 4 = 2*z + 13. Let f = 68 + -40. What is the greatest common factor of l and f?
7
Let n(q) = -q**2 + 8*q. Let r be n(6). Calculate the highest common divisor of r and 24.
12
Let z = -6 + 4. Suppose -f + t = 8, 31 = -5*f - 2*t + 4*t. Let u be z*(f + 1 - 2). Calculate the highest common divisor of 4 and u.
4
Let x be (-3)/9 + (-362)/(-6). Calculate the greatest common factor of 90 and x.
30
Suppose -4*j - 3*i - 8 = -3*j, -5*j - 3*i = -8. Suppose 10 + 2 = -j*p. Let x(w) = -w + 1. Let a be x(p). What is the greatest common factor of 12 and a?
4
Suppose 2*b - 1155 = -3*b. What is the greatest common divisor of 21 and b?
21
Suppose -5*d + 3*o + 36 = -o, -o - 8 = -d. Suppose 0 = n - d + 1. Suppose r = -n*r + 160. Calculate the highest common divisor of r and 5.
5
Let j(y) = -y**2 - 15*y - 9. Let v be j(-6). Suppose 4*k = g - v, -2*g + 2*k = -7*g + 247. Calculate the greatest common factor of 7 and g.
7
Suppose 3*g = -d - 0*d + 8, -5*g + 8 = 3*d. Calculate the highest common divisor of 16 and g.
4
Let x be ((-20)/(-2))/((-1)/(-5)). Suppose 0 = -2*l + d + 24, -4*d - 6 + 0 = l. Calculate the greatest common factor of x and l.
10
Let w = 7 - -11. Let h = 234 - 90. What is the highest common divisor of h and w?
18
Suppose 3*a - 10 = a. Suppose -3*f = -2*f. Suppose 4*x - 31 - a = f. What is the greatest common factor of x and 9?
9
Let k(v) = -v**3 - 4*v**2 + 3*v - 8. Let c be k(-5). Let s = c - -2. What is the greatest common divisor of 44 and s?
4
Let t = 398 + -209. Calculate the greatest common divisor of 27 and t.
27
Let v(o) = -28*o - 6. Let a be v(-2). Calculate the greatest common divisor of 25 and a.
25
Let u(z) = -6*z - 7. Let y be u(-2). Calculate the highest common divisor of 45 and y.
5
Suppose 10 + 15 = 5*p. What is the highest common factor of p and 65?
5
Suppose 3*n = 4 - 1. Let s = -44 + 15. Let z = s + 40. Calculate the greatest common divisor of z and n.
1
Let w = -21 + 63. Calculate the greatest common factor of w and 42.
42
Let m = 37 + -35. Calculate the highest common divisor of m and 1.
1
Suppose 5*s = 4*q - 2*q + 331, 4*s = 5*q + 258. Suppose 3*o - 7 = -s. Let w be -2*(1 + 0) - o. What is the greatest common factor of 36 and w?
18
Let p = 221 - 146. Let n = 0 - -2. Let q be n/7 + 416/14. What is the highest common factor of p and q?
15
Suppose 3*o + 2*l - 18 - 19 = 0, -2*o - l + 26 = 0. What is the highest common divisor of o and 135?
15
Let b be 6/((-1)/((-44)/(-6))). Let a = 63 + b. Let h(q) = -23*q - 5. Let x be h(-6). What is the highest common divisor of a and x?
19
Let y = 184 + -66. Suppose 7 = 5*x - y. What is the greatest common factor of 275 and x?
25
Let i(s) = 6*s**2 - 37*s + 8. Let z be i(6). Let t = 4 - 2. What is the greatest common factor of t and z?
2
Let s(r) = -r**2 + 9*r - 9. Let f be s(7). Let n(t) = t**3 - 5*t**2 + 3*t - 2. Let x be n(f). Let k = -237 + 380. What is the greatest common factor of k and x?
13
Let g(t) be the second derivative of -7*t**3/3 + 5*t**2/2 + 6*t. Let a be g(-13). What is the highest common divisor of 17 and a?
17
Let x be (1*(-2)/(-3))/(8/156). What is the greatest common factor of 104 and x?
13
Suppose g - r - 3*r = -27, -5*g + 3*r - 50 = 0. Let m(i) = i**2 + 7*i + 10. Let s be m(g). What is the highest common divisor of 25 and s?
5
Let v(b) = 6*b - 7. Let g be v(2). What is the greatest common divisor of g and 5?
5
Suppose -k - 2*u + 2 = -30, 4*k - 3*u - 117 = 0. Calculate the highest common factor of k and 12.
6
Let g = -2 - 7. Let v = 11 + g. Suppose r - v*r = -9. Calculate the highest common factor of r and 18.
9
Let f be 1*(2 + 1 + -2). Suppose 2*h - 1 = f. What is the greatest common divisor of 11 and h?
1
Let r = 166 + -103. Let u(z) = 10*z - 1. Let q be u(1). Calculate the greatest common factor of q and r.
9
Let v be (-3)/(-12) - 5752/(-32). Calculate the greatest common factor of v and 60.
60
Let h be 50 + 1 + -3 + 0. Suppose 0 = 4*g + 2*s - 64, -3*g + 3*s = -0*g - h. Let f be 16*(-2)/(-2)*2. What is the highest common divisor of f and g?
16
Suppose 2*p - 28 = 116. Let k(o) = 12*o - 3. Let z be k(3). Let g be z/4 - (-3)/(-12). What is the greatest common divisor of g and p?
8
Let r(b) be the first derivative of b**2/2 - 7*b - 3. Let t be r(11). Calculate the greatest common factor of 20 and t.
4
Let g = -48 + 70. Let r = g + -1. Let c be (0/(-1) - -3)/1. Calculate the greatest common divisor of c and r.
3
Let q = 212 + 12. Calculate the highest common factor of q and 32.
32
Suppose 3*b + 370 = 3*t + 5*b, -3*t + 335 = -5*b. Suppose -4*u + 57 = -3. What is the highest common factor of t and u?
15
Let k(g) = 33*g**2 - g. Let r be k(-1). What is the highest common factor of r and 272?
34
Let l(o) = 2*o**3 - 7*o**2 + 6*o - 4. Let t be l(4). Calculate the greatest common divisor of 12 and t.
12
Let a be